{"id":40,"date":"2021-03-15T18:26:17","date_gmt":"2021-03-15T21:26:17","guid":{"rendered":"https:\/\/diseno.udd.cl\/doit\/?page_id=40"},"modified":"2022-03-08T15:37:28","modified_gmt":"2022-03-08T18:37:28","slug":"conoce-doit","status":"publish","type":"page","link":"https:\/\/diseno.udd.cl\/doit\/pagina-ejemplo\/conoce-doit\/","title":{"rendered":"Conoce DOiT"},"content":{"rendered":"\n<p>El objetivo de <strong>DOiT <\/strong>es apoyar a los alumnos en el proceso de planificaci\u00f3n, levantamiento y an\u00e1lisis de datos durante el trabajo de campo poniendo a disposici\u00f3n recursos de libre acceso y referencias bibliogr\u00e1ficas fundamentales.&nbsp;<\/p>\n\n\n\n<p>Su realizaci\u00f3n fue posible gracias a la adjudicaci\u00f3n del fondo de Innovaci\u00f3n y Fortalecimiento de la Docencia del CID (Centro de Innovaci\u00f3n Docente UDD), por la Facultad de Dise\u00f1o UDD en su versi\u00f3n 2019. El proyecto pertenece a la l\u00ednea de Elaboraci\u00f3n y Recursos de Apoyo de la convocatoria.<\/p>\n\n\n<h6><span style=\"color: #33cccc\">______________________________________________________________________________________________________________________<\/span><\/h6>\n<h3><span style=\"color: #33cccc\"><strong>EQUIPO DE TRABAJO<\/strong><\/span><\/h3>\n<p><strong>Somos dise\u00f1adoras y acad\u00e9micas interesadas en promover el rol fundamental del dise\u00f1o para mejorar la calidad de vida de las personas. Hemos trabajado en el \u00e1mbito profesional y docente y recopilado a lo largo del tiempo una serie de recursos, fuentes y referencias que queremos compartir con nuestros estudiantes y colegas acad\u00e9micos. Nos motiva contribuir al proceso de planificaci\u00f3n y realizaci\u00f3n de investigaciones en contextos reales aportando un amplio repertorio de t\u00e9cnicas de trabajo de campo para llevarlas a cabo.&nbsp;<\/strong><\/p>\n\n\n<p style=\"color:#08c4c4\" class=\"has-text-color\"><strong>Catalina Cort\u00e9s \/&nbsp;<\/strong><\/p>\n\n\n\n<p style=\"font-size:14px\">Acad\u00e9mica e investigadora de la Facultad de Dise\u00f1o de la UDD. Dise\u00f1adora Gr\u00e1fica de la Pontificia Universidad Cat\u00f3lica de Chile y Master of Science in Design de Arizona State University.&nbsp; Ha ense\u00f1ado dise\u00f1o por veinte a\u00f1os, principalmente en cursos de investigaci\u00f3n y habilitaci\u00f3n profesional. Est\u00e1 certificada por The Index Project (https:\/\/theindexproject.org\/) como un miembro honorable del Design to Improve Life Education Academy y trabaja como facilitadora ense\u00f1ando la metodolog\u00eda Compass de Index. Se ha adjudicado fondos nacionales e internacionales enfocados en: fortalecer el conocimiento acerca de la alfabetizaci\u00f3n en dise\u00f1o para el p\u00fablico general; estudiar el pensamiento de dise\u00f1o desarrollado por profesoras al crear espacios educativos para promover la alfabetizaci\u00f3n m\u00faltiple; Pensamiento de Dise\u00f1o como una aproximaci\u00f3n para resolver problemas situados de los educadores en chile; y el desarrollo de TAMI, una interfaz tangible para aprender conceptos abstractos de la matem\u00e1tica.<\/p>\n\n\n\n<p style=\"color:#08c4c4\" class=\"has-text-color\"><strong>Daniela Reyes \/<\/strong><\/p>\n\n\n\n<p style=\"font-size:14px\">Directora de Desarrollo, Educaci\u00f3n Continua y Alumni de la Facultad de Dise\u00f1o de la UDD. Dise\u00f1adora menci\u00f3n Dise\u00f1o Gr\u00e1fico de la Universidad del Desarrollo y Certificada en la metodolog\u00eda Compass de The Index Project. Docente gu\u00eda de Taller de T\u00edtulo y miembro del Consejo Facultad de Dise\u00f1o UDD. M\u00e1s de 15 a\u00f1os de experiencia en el desarrollo de proyectos creativos y en consultor\u00eda de negocios en \u00e1mbitos de dise\u00f1o de servicios y experiencia de clientes, planificaci\u00f3n y comunicaci\u00f3n estrat\u00e9gica, y desarrollo de oferta de valor principalmente en las industrias de retail, inversiones inmobiliarias, alimentaria y salud. Con experiencia en la gesti\u00f3n y coordinaci\u00f3n de proyectos con fuerte \u00e9nfasis en la mejora de procesos y en el desarrollo de metodolog\u00edas de trabajo y gesti\u00f3n de equipos.<\/p>\n\n\n\n<p style=\"color:#08c4c4\" class=\"has-text-color\"><strong>Mar\u00eda Paz Lagarrigue \/<\/strong><\/p>\n\n\n\n<p style=\"font-size:14px\">Dise\u00f1adora Gr\u00e1fica de la Universidad Finis Terrae, con m\u00e1s de 15 a\u00f1os de experiencia en el desarrollo de proyectos de dise\u00f1o de identidad corporativas, editorial, packaging, sistemas de se\u00f1alizaci\u00f3n, campa\u00f1as de marketing y comunicaci\u00f3n interna, principalmente para empresas de retail, alimentos e instituciones educacionales. Con experiencia en coordinaci\u00f3n de proyectos y gesti\u00f3n de equipos multidisciplinarios de trabajo.<\/p>\n\n\n\n<p style=\"color:#6fcacd\" class=\"has-text-color\">______________________________________________________________________________________________<\/p>\n\n\n\n<p><strong>Cualquier duda o sugerencia que tengas te puedes poner en contacto con nosotros <a href=\"mailto:doit@udd.cl\">doit@udd.cl<\/a><\/strong><\/p>\n","protected":false},"excerpt":{"rendered":"<p>El objetivo de DOiT es apoyar a los alumnos en el proceso de planificaci\u00f3n, levantamiento y an\u00e1lisis de datos durante el trabajo de campo poniendo a disposici\u00f3n recursos de libre acceso y referencias bibliogr\u00e1ficas fundamentales.&nbsp; Su realizaci\u00f3n fue posible gracias a la adjudicaci\u00f3n del fondo de Innovaci\u00f3n y Fortalecimiento de la Docencia del CID (Centro [&hellip;]<\/p>\n","protected":false},"author":9192226,"featured_media":0,"parent":2,"menu_order":0,"comment_status":"closed","ping_status":"closed","template":"","meta":{"footnotes":""},"class_list":["post-40","page","type-page","status-publish","hentry"],"yoast_head":"<!-- This site is optimized with the Yoast SEO plugin v26.9 - https:\/\/yoast.com\/product\/yoast-seo-wordpress\/ -->\n<title>Conoce DOiT - DOiT<\/title>\n<meta name=\"robots\" content=\"index, follow, max-snippet:-1, max-image-preview:large, max-video-preview:-1\" \/>\n<link rel=\"canonical\" href=\"https:\/\/diseno.udd.cl\/doit\/pagina-ejemplo\/conoce-doit\/\" \/>\n<meta property=\"og:locale\" content=\"es_ES\" \/>\n<meta property=\"og:type\" content=\"article\" \/>\n<meta property=\"og:title\" content=\"Conoce DOiT - DOiT\" \/>\n<meta property=\"og:description\" content=\"El objetivo de DOiT es apoyar a los alumnos en el proceso de planificaci\u00f3n, levantamiento y an\u00e1lisis de datos durante el trabajo de campo poniendo a disposici\u00f3n recursos de libre acceso y referencias bibliogr\u00e1ficas fundamentales.&nbsp; Su realizaci\u00f3n fue posible gracias a la adjudicaci\u00f3n del fondo de Innovaci\u00f3n y Fortalecimiento de la Docencia del CID (Centro [&hellip;]\" \/>\n<meta property=\"og:url\" content=\"https:\/\/diseno.udd.cl\/doit\/pagina-ejemplo\/conoce-doit\/\" \/>\n<meta property=\"og:site_name\" content=\"DOiT\" \/>\n<meta property=\"article:modified_time\" content=\"2022-03-08T18:37:28+00:00\" \/>\n<meta name=\"twitter:card\" content=\"summary_large_image\" \/>\n<meta name=\"twitter:label1\" content=\"Tiempo de lectura\" \/>\n\t<meta name=\"twitter:data1\" content=\"3 minutos\" \/>\n<script type=\"application\/ld+json\" class=\"yoast-schema-graph\">{\"@context\":\"https:\/\/schema.org\",\"@graph\":[{\"@type\":\"WebPage\",\"@id\":\"https:\/\/diseno.udd.cl\/doit\/pagina-ejemplo\/conoce-doit\/\",\"url\":\"https:\/\/diseno.udd.cl\/doit\/pagina-ejemplo\/conoce-doit\/\",\"name\":\"Conoce DOiT - DOiT\",\"isPartOf\":{\"@id\":\"https:\/\/diseno.udd.cl\/doit\/#website\"},\"datePublished\":\"2021-03-15T21:26:17+00:00\",\"dateModified\":\"2022-03-08T18:37:28+00:00\",\"breadcrumb\":{\"@id\":\"https:\/\/diseno.udd.cl\/doit\/pagina-ejemplo\/conoce-doit\/#breadcrumb\"},\"inLanguage\":\"es\",\"potentialAction\":[{\"@type\":\"ReadAction\",\"target\":[\"https:\/\/diseno.udd.cl\/doit\/pagina-ejemplo\/conoce-doit\/\"]}]},{\"@type\":\"BreadcrumbList\",\"@id\":\"https:\/\/diseno.udd.cl\/doit\/pagina-ejemplo\/conoce-doit\/#breadcrumb\",\"itemListElement\":[{\"@type\":\"ListItem\",\"position\":1,\"name\":\"Portada\",\"item\":\"https:\/\/diseno.udd.cl\/doit\/\"},{\"@type\":\"ListItem\",\"position\":2,\"name\":\"DOiT\",\"item\":\"https:\/\/diseno.udd.cl\/doit\/\"},{\"@type\":\"ListItem\",\"position\":3,\"name\":\"Conoce DOiT\"}]},{\"@type\":\"WebSite\",\"@id\":\"https:\/\/diseno.udd.cl\/doit\/#website\",\"url\":\"https:\/\/diseno.udd.cl\/doit\/\",\"name\":\"DOiT\",\"description\":\"Dise\u00f1a.Obseva.Investiga en Terreno\",\"inLanguage\":\"es\"}]}<\/script>\n<!-- \/ Yoast SEO plugin. -->","yoast_head_json":{"title":"Conoce DOiT - DOiT","robots":{"index":"index","follow":"follow","max-snippet":"max-snippet:-1","max-image-preview":"max-image-preview:large","max-video-preview":"max-video-preview:-1"},"canonical":"https:\/\/diseno.udd.cl\/doit\/pagina-ejemplo\/conoce-doit\/","og_locale":"es_ES","og_type":"article","og_title":"Conoce DOiT - DOiT","og_description":"El objetivo de DOiT es apoyar a los alumnos en el proceso de planificaci\u00f3n, levantamiento y an\u00e1lisis de datos durante el trabajo de campo poniendo a disposici\u00f3n recursos de libre acceso y referencias bibliogr\u00e1ficas fundamentales.&nbsp; Su realizaci\u00f3n fue posible gracias a la adjudicaci\u00f3n del fondo de Innovaci\u00f3n y Fortalecimiento de la Docencia del CID (Centro [&hellip;]","og_url":"https:\/\/diseno.udd.cl\/doit\/pagina-ejemplo\/conoce-doit\/","og_site_name":"DOiT","article_modified_time":"2022-03-08T18:37:28+00:00","twitter_card":"summary_large_image","twitter_misc":{"Tiempo de lectura":"3 minutos"},"schema":{"@context":"https:\/\/schema.org","@graph":[{"@type":"WebPage","@id":"https:\/\/diseno.udd.cl\/doit\/pagina-ejemplo\/conoce-doit\/","url":"https:\/\/diseno.udd.cl\/doit\/pagina-ejemplo\/conoce-doit\/","name":"Conoce DOiT - DOiT","isPartOf":{"@id":"https:\/\/diseno.udd.cl\/doit\/#website"},"datePublished":"2021-03-15T21:26:17+00:00","dateModified":"2022-03-08T18:37:28+00:00","breadcrumb":{"@id":"https:\/\/diseno.udd.cl\/doit\/pagina-ejemplo\/conoce-doit\/#breadcrumb"},"inLanguage":"es","potentialAction":[{"@type":"ReadAction","target":["https:\/\/diseno.udd.cl\/doit\/pagina-ejemplo\/conoce-doit\/"]}]},{"@type":"BreadcrumbList","@id":"https:\/\/diseno.udd.cl\/doit\/pagina-ejemplo\/conoce-doit\/#breadcrumb","itemListElement":[{"@type":"ListItem","position":1,"name":"Portada","item":"https:\/\/diseno.udd.cl\/doit\/"},{"@type":"ListItem","position":2,"name":"DOiT","item":"https:\/\/diseno.udd.cl\/doit\/"},{"@type":"ListItem","position":3,"name":"Conoce DOiT"}]},{"@type":"WebSite","@id":"https:\/\/diseno.udd.cl\/doit\/#website","url":"https:\/\/diseno.udd.cl\/doit\/","name":"DOiT","description":"Dise\u00f1a.Obseva.Investiga en Terreno","inLanguage":"es"}]}},"_links":{"self":[{"href":"https:\/\/diseno.udd.cl\/doit\/wp-json\/wp\/v2\/pages\/40","targetHints":{"allow":["GET"]}}],"collection":[{"href":"https:\/\/diseno.udd.cl\/doit\/wp-json\/wp\/v2\/pages"}],"about":[{"href":"https:\/\/diseno.udd.cl\/doit\/wp-json\/wp\/v2\/types\/page"}],"author":[{"embeddable":true,"href":"https:\/\/diseno.udd.cl\/doit\/wp-json\/wp\/v2\/users\/9192226"}],"replies":[{"embeddable":true,"href":"https:\/\/diseno.udd.cl\/doit\/wp-json\/wp\/v2\/comments?post=40"}],"version-history":[{"count":42,"href":"https:\/\/diseno.udd.cl\/doit\/wp-json\/wp\/v2\/pages\/40\/revisions"}],"predecessor-version":[{"id":515,"href":"https:\/\/diseno.udd.cl\/doit\/wp-json\/wp\/v2\/pages\/40\/revisions\/515"}],"up":[{"embeddable":true,"href":"https:\/\/diseno.udd.cl\/doit\/wp-json\/wp\/v2\/pages\/2"}],"wp:attachment":[{"href":"https:\/\/diseno.udd.cl\/doit\/wp-json\/wp\/v2\/media?parent=40"}],"curies":[{"name":"wp","href":"https:\/\/api.w.org\/{rel}","templated":true}]}}